{"id":109,"date":"2020-07-01T22:27:32","date_gmt":"2020-07-02T03:27:32","guid":{"rendered":"https:\/\/www.seguroslcamexico.com\/?page_id=109"},"modified":"2020-07-21T13:45:23","modified_gmt":"2020-07-21T18:45:23","slug":"seguros-empresariales","status":"publish","type":"page","link":"https:\/\/www.seguroslcamexico.com\/index.php\/seguros-empresariales\/","title":{"rendered":"Seguros empresariales"},"content":{"rendered":"<p>[et_pb_section fb_built=\u00bb1&#8243; fullwidth=\u00bbon\u00bb _builder_version=\u00bb4.4.8&#8243; background_image=\u00bbhttps:\/\/www.seguroslcamexico.com\/wp-content\/uploads\/2020\/07\/EquilibrioTrabajo_Actualidad_Interna2_1300x722.jpg\u00bb parallax=\u00bbon\u00bb parallax_method=\u00bboff\u00bb custom_margin=\u00bb||44px|||\u00bb custom_padding=\u00bb||535px|||\u00bb background_last_edited=\u00bbon|phone\u00bb background_enable_image_tablet=\u00bboff\u00bb background_enable_image_phone=\u00bboff\u00bb][et_pb_fullwidth_slider _builder_version=\u00bb4.4.8&#8243; header_font=\u00bbMontserrat|700|||||||\u00bb header_font_size=\u00bb40px\u00bb custom_button=\u00bbon\u00bb button_font=\u00bbLato||||||||\u00bb button_icon=\u00bb%%72%%\u00bb custom_padding=\u00bb351px||351px||true|false\u00bb custom_padding_tablet=\u00bb\u00bb custom_padding_phone=\u00bb||161px||false|false\u00bb custom_padding_last_edited=\u00bbon|desktop\u00bb animation_style=\u00bbfold\u00bb hover_enabled=\u00bb0&#8243;][et_pb_slide heading=\u00bbSeguros empresariales\u00bb button_text=\u00bbMas Informaci\u00f3n\u00bb image=\u00bbhttps:\/\/www.seguroslcamexico.com\/wp-content\/uploads\/2020\/07\/d5a61cdcc33e98f544963d9c62a4881f.jpg\u00bb _builder_version=\u00bb4.4.8&#8243; header_font=\u00bbLora|700|||||||\u00bb header_text_align=\u00bbjustify\u00bb body_font=\u00bbLora||||||||\u00bb body_text_align=\u00bbcenter\u00bb body_font_size=\u00bb19px\u00bb background_color=\u00bb#00408e\u00bb background_enable_color=\u00bbon\u00bb button_alignment=\u00bbcenter\u00bb custom_padding_tablet=\u00bb\u00bb custom_padding_phone=\u00bb122px||||false|false\u00bb custom_padding_last_edited=\u00bbon|phone\u00bb header_text_align_tablet=\u00bb\u00bb header_text_align_phone=\u00bb\u00bb header_text_align_last_edited=\u00bbon|desktop\u00bb body_text_align_tablet=\u00bb\u00bb body_text_align_phone=\u00bb\u00bb body_text_align_last_edited=\u00bbon|desktop\u00bb button_alignment_tablet=\u00bb\u00bb button_alignment_phone=\u00bb\u00bb button_alignment_last_edited=\u00bbon|desktop\u00bb box_shadow_style_image=\u00bbpreset4&#8243;]<\/p>\n<p><span><\/span><\/p>\n<p><span><\/span><\/p>\n<p style=\"text-align: justify;\">Si eres empresario y\/o socio de una empresa, el negocio se convierte en una parte fundamental de tu vida y sobre todo de tu futuro, en L&amp;CA M\u00e9xico contamos con diferentes estrategias que garanticen su continuidad y crecimiento, que te proporcionen tu tranquilidad y la de tus colaboradores, al mismo tiempo que generen lealtad y compromiso hacia la compa\u00f1\u00eda. No permitas que un accidente, un incendio, un robo o una aver\u00eda afecte tu empresa, o la salud y la vida tuya o de tus colaboradores.<\/p>\n<p>[\/et_pb_slide][\/et_pb_fullwidth_slider][\/et_pb_section][et_pb_section fb_built=\u00bb1&#8243; _builder_version=\u00bb4.4.8&#8243; custom_margin_tablet=\u00bb\u00bb custom_margin_phone=\u00bb-565px||||false|false\u00bb custom_margin_last_edited=\u00bbon|phone\u00bb][et_pb_row column_structure=\u00bb1_5,1_5,1_5,1_5,1_5&#8243; _builder_version=\u00bb4.3.4&#8243; animation_style=\u00bbbounce\u00bb animation_direction=\u00bbright\u00bb animation_speed_curve=\u00bbease-out\u00bb][et_pb_column type=\u00bb1_5&#8243; _builder_version=\u00bb4.3.4&#8243;][et_pb_image src=\u00bbhttps:\/\/www.seguroslcamexico.com\/wp-content\/uploads\/2020\/07\/Seguros-empresariales-05.png\u00bb url=\u00bbhttps:\/\/www.seguroslcamexico.com\/index.php\/vida-grupo-y-colectivos\/\u00bb _builder_version=\u00bb4.4.8&#8243; custom_margin=\u00bb||17px|||\u00bb filter_saturate=\u00bb0%\u00bb hover_enabled=\u00bb0&#8243; filter_saturate__hover_enabled=\u00bbon|hover\u00bb filter_saturate__hover=\u00bb100%\u00bb][\/et_pb_image][et_pb_text _builder_version=\u00bb4.3.4&#8243; text_font=\u00bbMontserrat|700|||||||\u00bb text_font_size=\u00bb20px\u00bb text_text_color_last_edited=\u00bboff|desktop\u00bb text_text_color__hover_enabled=\u00bbon|hover\u00bb text_text_color__hover=\u00bb#0400f0&#8243;]<\/p>\n<p style=\"text-align: center;\">Seguro de vida en grupo y colectivos<\/p>\n<p>[\/et_pb_text][\/et_pb_column][et_pb_column type=\u00bb1_5&#8243; _builder_version=\u00bb4.3.4&#8243;][et_pb_image src=\u00bbhttps:\/\/www.seguroslcamexico.com\/wp-content\/uploads\/2020\/07\/Seguros-empresariales-02.png\u00bb url=\u00bbhttps:\/\/www.seguroslcamexico.com\/index.php\/gastos-medicos-mayores-2\/\u00bb _builder_version=\u00bb4.4.8&#8243; custom_margin=\u00bb||22px|||\u00bb filter_saturate=\u00bb0%\u00bb hover_enabled=\u00bb0&#8243; filter_brightness__hover_enabled=\u00bbon|desktop\u00bb filter_saturate__hover_enabled=\u00bbon|hover\u00bb filter_saturate__hover=\u00bb100%\u00bb][\/et_pb_image][et_pb_text _builder_version=\u00bb4.3.4&#8243; text_font=\u00bbMontserrat|700|||||||\u00bb text_font_size=\u00bb20px\u00bb text_text_color__hover_enabled=\u00bbon|hover\u00bb text_text_color__hover=\u00bb#0400f0&#8243;]<\/p>\n<p style=\"text-align: center;\">Gastos Medicos<\/p>\n<p>[\/et_pb_text][\/et_pb_column][et_pb_column type=\u00bb1_5&#8243; _builder_version=\u00bb4.3.4&#8243;][et_pb_image src=\u00bbhttps:\/\/www.seguroslcamexico.com\/wp-content\/uploads\/2020\/07\/Seguros-empresariales_Mesa-de-trabajo-1.png\u00bb url=\u00bbhttps:\/\/www.seguroslcamexico.com\/index.php\/accidentes-personales-2\/\u00bb _builder_version=\u00bb4.4.8&#8243; custom_margin=\u00bb||16px|||\u00bb filter_saturate=\u00bb0%\u00bb hover_enabled=\u00bb0&#8243; filter_saturate__hover_enabled=\u00bbon|hover\u00bb filter_saturate__hover=\u00bb100%\u00bb][\/et_pb_image][et_pb_text _builder_version=\u00bb4.3.4&#8243; text_font=\u00bbMontserrat|700|||||||\u00bb text_font_size=\u00bb20px\u00bb text_text_color__hover_enabled=\u00bbon|hover\u00bb text_text_color__hover=\u00bb#0400f0&#8243;]<\/p>\n<p style=\"text-align: center;\">Accidentes personales<\/p>\n<p>[\/et_pb_text][\/et_pb_column][et_pb_column type=\u00bb1_5&#8243; _builder_version=\u00bb4.3.4&#8243;][et_pb_image src=\u00bbhttps:\/\/www.seguroslcamexico.com\/wp-content\/uploads\/2020\/07\/Seguros-empresariales-03.png\u00bb url=\u00bbhttps:\/\/www.seguroslcamexico.com\/index.php\/autos-2\/\u00bb _builder_version=\u00bb4.4.8&#8243; custom_margin=\u00bb||21px|||\u00bb filter_saturate=\u00bb0%\u00bb hover_enabled=\u00bb0&#8243; filter_saturate__hover_enabled=\u00bbon|hover\u00bb filter_saturate__hover=\u00bb100%\u00bb][\/et_pb_image][et_pb_text _builder_version=\u00bb4.3.4&#8243; text_font=\u00bbMontserrat|700|||||||\u00bb text_font_size=\u00bb20px\u00bb text_text_color__hover_enabled=\u00bbon|hover\u00bb text_text_color__hover=\u00bb#0400f0&#8243;]<\/p>\n<p style=\"text-align: center;\">Autos<\/p>\n<p>[\/et_pb_text][\/et_pb_column][et_pb_column type=\u00bb1_5&#8243; _builder_version=\u00bb4.3.4&#8243;][et_pb_image src=\u00bbhttps:\/\/www.seguroslcamexico.com\/wp-content\/uploads\/2020\/07\/Seguros-empresariales-04.png\u00bb url=\u00bbhttps:\/\/www.seguroslcamexico.com\/index.php\/danos\/\u00bb _builder_version=\u00bb4.4.8&#8243; custom_margin=\u00bb||19px|||\u00bb filter_saturate=\u00bb0%\u00bb hover_enabled=\u00bb0&#8243; filter_saturate__hover_enabled=\u00bbon|hover\u00bb filter_saturate__hover=\u00bb100%\u00bb][\/et_pb_image][et_pb_text _builder_version=\u00bb4.3.4&#8243; text_font=\u00bbMontserrat|700|||||||\u00bb text_font_size=\u00bb20px\u00bb text_text_color__hover_enabled=\u00bbon|hover\u00bb text_text_color__hover=\u00bb#0400f0&#8243;]<\/p>\n<p style=\"text-align: center;\">Da\u00f1os<\/p>\n<p>[\/et_pb_text][\/et_pb_column][\/et_pb_row][\/et_pb_section]<\/p>\n","protected":false},"excerpt":{"rendered":"<p>[et_pb_section fb_built=\u00bb1&#8243; fullwidth=\u00bbon\u00bb _builder_version=\u00bb4.4.8&#8243; background_image=\u00bbhttps:\/\/www.seguroslcamexico.com\/wp-content\/uploads\/2020\/07\/EquilibrioTrabajo_Actualidad_Interna2_1300x722.jpg\u00bb parallax=\u00bbon\u00bb parallax_method=\u00bboff\u00bb custom_margin=\u00bb||44px|||\u00bb custom_padding=\u00bb||535px|||\u00bb background_last_edited=\u00bbon|phone\u00bb background_enable_image_tablet=\u00bboff\u00bb background_enable_image_phone=\u00bboff\u00bb][et_pb_fullwidth_slider _builder_version=\u00bb4.4.8&#8243; header_font=\u00bbMontserrat|700|||||||\u00bb header_font_size=\u00bb40px\u00bb custom_button=\u00bbon\u00bb button_font=\u00bbLato||||||||\u00bb button_icon=\u00bb%%72%%\u00bb custom_padding=\u00bb351px||351px||true|false\u00bb custom_padding_tablet=\u00bb\u00bb custom_padding_phone=\u00bb||161px||false|false\u00bb custom_padding_last_edited=\u00bbon|desktop\u00bb animation_style=\u00bbfold\u00bb hover_enabled=\u00bb0&#8243;][et_pb_slide heading=\u00bbSeguros empresariales\u00bb button_text=\u00bbMas Informaci\u00f3n\u00bb image=\u00bbhttps:\/\/www.seguroslcamexico.com\/wp-content\/uploads\/2020\/07\/d5a61cdcc33e98f544963d9c62a4881f.jpg\u00bb _builder_version=\u00bb4.4.8&#8243; header_font=\u00bbLora|700|||||||\u00bb header_text_align=\u00bbjustify\u00bb body_font=\u00bbLora||||||||\u00bb body_text_align=\u00bbcenter\u00bb body_font_size=\u00bb19px\u00bb background_color=\u00bb#00408e\u00bb background_enable_color=\u00bbon\u00bb button_alignment=\u00bbcenter\u00bb custom_padding_tablet=\u00bb\u00bb custom_padding_phone=\u00bb122px||||false|false\u00bb custom_padding_last_edited=\u00bbon|phone\u00bb header_text_align_tablet=\u00bb\u00bb header_text_align_phone=\u00bb\u00bb header_text_align_last_edited=\u00bbon|desktop\u00bb body_text_align_tablet=\u00bb\u00bb body_text_align_phone=\u00bb\u00bb body_text_align_last_edited=\u00bbon|desktop\u00bb button_alignment_tablet=\u00bb\u00bb button_alignment_phone=\u00bb\u00bb button_alignment_last_edited=\u00bbon|desktop\u00bb box_shadow_style_image=\u00bbpreset4&#8243;] Si eres empresario y\/o [&hellip;]<\/p>\n","protected":false},"author":1,"featured_media":0,"parent":0,"menu_order":0,"comment_status":"closed","ping_status":"closed","template":"","meta":{"_et_pb_use_builder":"on","_et_pb_old_content":"","_et_gb_content_width":"","footnotes":""},"_links":{"self":[{"href":"https:\/\/www.seguroslcamexico.com\/index.php\/wp-json\/wp\/v2\/pages\/109"}],"collection":[{"href":"https:\/\/www.seguroslcamexico.com\/index.php\/wp-json\/wp\/v2\/pages"}],"about":[{"href":"https:\/\/www.seguroslcamexico.com\/index.php\/wp-json\/wp\/v2\/types\/page"}],"author":[{"embeddable":true,"href":"https:\/\/www.seguroslcamexico.com\/index.php\/wp-json\/wp\/v2\/users\/1"}],"replies":[{"embeddable":true,"href":"https:\/\/www.seguroslcamexico.com\/index.php\/wp-json\/wp\/v2\/comments?post=109"}],"version-history":[{"count":25,"href":"https:\/\/www.seguroslcamexico.com\/index.php\/wp-json\/wp\/v2\/pages\/109\/revisions"}],"predecessor-version":[{"id":1162,"href":"https:\/\/www.seguroslcamexico.com\/index.php\/wp-json\/wp\/v2\/pages\/109\/revisions\/1162"}],"wp:attachment":[{"href":"https:\/\/www.seguroslcamexico.com\/index.php\/wp-json\/wp\/v2\/media?parent=109"}],"curies":[{"name":"wp","href":"https:\/\/api.w.org\/{rel}","templated":true}]}}